 Let t(q) = 13*q**2 + 4*q - 3. Let k(l) = -4*i(l) - 11*t(l). What is the tens digit of k(p)?
1
Let y be (15/4)/((-2)/(-8)). What is the tens digit of ((-36)/y)/(1/(-5))?
1
Suppose -5*d + 1540 = -4*x, 2*x - 616 = -2*d - 3*x. What is the units digit of d?
8
Let d(t) = -9*t**2 - 10*t - 4. Let r(k) = -6*k**2 - 7*k - 3. Let p(s) = -5*d(s) + 7*r(s). What is the units digit of p(-2)?
9
Suppose -4*h = 2*j - h + 3, 4*j - h = 1. Suppose 3*i + q + q = -38, 2*i - 5*q = j. What is the units digit of (i/(-3))/(2/3)?
5
Suppose 2*m + 5*k - 187 = -2*m, 4*m - 5*k - 237 = 0. Suppose -3*l + 1 + m = 0. What is the units digit of l?
8
Let w(j) = j**3 + 3*j**2 + 1. Suppose -2*z = 2*o + 4, -3*o - 11 = 4*z - 2. Suppose 3 = -2*i - o. What is the units digit of w(i)?
5
Suppose -4*p + 7 = -5. Suppose -p*c + c + 30 = 0. What is the units digit of c?
5
Let k(r) = r**3 - 6*r**2 + 2*r + 5. Let t be k(5). Let w(q) = -2*q**3 + 5*q**2 - 2*q - 1. Let c be w(3). Let p = t - c. What is the units digit of p?
6
Suppose 5*g + 2*y - 12 = -0*g, 4*g = 2*y + 6. Suppose -b - g*b + 15 = 0. What is the units digit of b?
5
Let l(w) be the third derivative of w**4/3 + w**3/6 - 22*w**2. Let n = 4 + -3. What is the units digit of l(n)?
9
Let v(o) = 2*o**2 - 6*o + 3. Let u = -5 - -9. What is the tens digit of v(u)?
1
Let q(o) = -o**2 + 12*o - 16. Let b be q(10). Suppose 69 + 5 = 2*p. Suppose -p = -5*s - b*c, s - 5*c - 15 = -2*c. What is the units digit of s?
9
Suppose -13 = -2*p + 59. What is the units digit of p?
6
Let o(t) = 3*t + 5. Let l be o(6). Let h(r) = -r**2 - 8*r + 10. Let m be h(-10). Let z = m + l. What is the units digit of z?
3
Let o be -1 + -5 + (0 - -3). Let q = o + 5. What is the units digit of q?
2
Suppose 3*q - h + 32 = 0, 2*q - 2*h = -0*q - 16. What is the units digit of (14/(-4))/(3/q)?
4
Let y = -1 + 11. Suppose 3 = s - y. What is the tens digit of s?
1
Suppose -3*i - 3*v = -363, 727 - 240 = 4*i + v. What is the units digit of i?
2
Suppose 5*f - 5*m = 680, -f + 0*f = m - 130. What is the units digit of f?
3
Let x = -10 - -1. Let w be x/27 + (-19)/(-3). Suppose 3*y - w = 39. What is the tens digit of y?
1
Suppose -4*p + h = -24 - 15, 3*p - 5*h = 25. Suppose -p = 5*w + 10. What is the units digit of (-46)/w + (-1)/2?
1
Suppose 2*o - 3*f = -f - 6, -4*f + 11 = -5*o. What is the units digit of o?
1
Suppose -5*h + 88 + 27 = 0. Let d be (-2)/(((-28)/315)/(4/(-10))). Let f = d + h. What is the tens digit of f?
1
Let i be (-15)/(2*1/(-2)). Suppose 3*l = -5*h - i, 2*l = -2*l + h + 3. Suppose l = -2*q + 3*q - 7. What is the units digit of q?
7
Let z(v) = -v**3 + v**2 + 96. Let n be z(0). Let i be -1 + 12 - (-1 - 3). What is the tens digit of n/10 - (-6)/i?
1
Let s(f) = -f - 10. Let u be s(-8). Let b = u + 6. Suppose 5*v = b*r - 50, 0 = -r + 3*v - 0*v + 16. What is the units digit of r?
0
Let t = 163 - 69. What is the tens digit of t?
9
Let w(s) = s**3 - 5*s**2 - 2*s - 8. Let m be w(6). Let r be (6/9)/((-1)/(-12)). Let n = m - r. What is the units digit of n?
8
Let j = 3 + -3. Suppose -5*x + 13 + 7 = j. What is the units digit of x/8*(-16)/(-1)?
8
Let a = -54 + 95. Let o = a + -28. What is the tens digit of o?
1
Let x(j) = j**2 - 7*j - 5. Let g(b) be the third derivative of -b**6/120 + b**5/12 - b**4/8 + b**3/2 + 2*b**2. Let o be g(2). What is the tens digit of x(o)?
1
Let s = 37 + -17. Suppose 3*n - n = s. What is the units digit of n?
0
Let j = -74 - -159. What is the units digit of j?
5
Let k = 3 + -3. Suppose k*v - 1 = -v. Let r(u) = 4*u**2 + u. What is the units digit of r(v)?
5
Suppose 7*i + 11 = 2*i - 4*c, 5*i + 12 = -3*c. Let m = 16 + i. What is the tens digit of m?
1
Let j(l) = l**3 + l**2 + l + 2. Let i be j(0). Suppose 0 = 5*m - z - 4*z - 5, 4*m - i*z = 12. What is the units digit of m?
5
Let a = 70 + -16. What is the units digit of a?
4
Suppose -3*q = 5*z, -3*z + 16 = 4*q + q. Suppose 40 = 2*s - 76. Suppose 2*d - q*c - s = -d, 34 = 4*d + 2*c. What is the units digit of d?
1
Let k(u) = -u**3 + 4*u**2 + 2*u + 6. Let h be k(4). Suppose b - 13 = -4*g, -2*g + 0*b + h = -2*b. What is the units digit of g?
4
Let z = 190 - 54. What is the tens digit of z?
3
Suppose -n - 5*a + 100 = -34, -n = -3*a - 102. What is the hundreds digit of n?
1
Suppose -2*i - 2*i + 20 = 0. Let v = -6 - -14. Suppose -3*p + 34 = 5*s, -5*s + v = -4*p - i. What is the units digit of p?
3
Let s(c) = 1 + c + 5*c**2 - 2 + c. Suppose 0*y + 4 = 4*y + 4*x, -y - 3*x + 7 = 0. What is the units digit of s(y)?
5
Let r(s) = s**3 + 6*s**2 - 7*s + 6. Let q = 6 - 13. What is the units digit of r(q)?
6
Let x(u) = -u - 3. Let i be x(-7). Suppose -i*d = -3*d + 18. Let r = 28 + d. What is the units digit of r?
0
Let r(c) = -22*c - 1. Suppose 2*x + 4 = -2*x. What is the units digit of r(x)?
1
Suppose 6*x = 5*x + 3. What is the units digit of (x/(-4))/((-7)/224)?
4
Suppose -6*h + h + 1940 = 0. What is the units digit of h?
8
Let j = -21 - -174. What is the tens digit of j?
5
Let z(w) = -w + 4. Let m(v) = v - 4. Let n be m(4). Let r = n + -4. What is the units digit of z(r)?
8
Let c(m) = -m**2 + 7*m - 3. Let o be c(5). Let u(s) = 10 - 3*s - 3*s + o*s. What is the units digit of u(0)?
0
What is the units digit of (-714)/(-12) + 3/6?
0
Let z = -4 - -7. What is the units digit of 68/6 - (-2)/z?
2
Suppose 0 = -h - 97 + 30. Let g = -39 - h. What is the tens digit of g?
2
What is the tens digit of (-7 - 7)/(-1*1)?
1
Let n(o) = -o**2 + 5*o + 3. Let r be n(5). Let g(x) = -x**r - x**2 + 0*x**3 + 1 + 5*x**3 + 0*x**3. What is the units digit of g(1)?
4
Suppose -2*j = 5*q + 16, -2 = q - 0. Let y(z) = 3*z**3 - 2*z**2 + 1. Let l be y(-1). Let n = j - l. What is the units digit of n?
1
Suppose 2*o - 2 = -4*n, -n + 0 - 2 = -2*o. What is the units digit of o?
1
Let x = -15 + 22. What is the units digit of x*(1 + 0) - 3?
4
Let l(w) = 7*w - 5*w**2 + 3*w**2 - 2 + 5*w**2 - 4*w**2. What is the units digit of l(6)?
4
Suppose 3*s + 5*v - 445 = 0, 3*s = -2*s + 2*v + 690. What is the hundreds digit of s?
1
Let n(o) = -o**2 - 5*o + 2. Let h be n(-5). Let v(w) = 2 - 6*w + 2*w**3 - 4*w**3 + 5*w**h + 3*w**3. What is the units digit of v(-6)?
2
Let d be (-6)/(-5)*(-85)/17. What is the tens digit of 210/28*(-16)/d?
2
Suppose -3*x + x = 2*u, -u + x = 10. Let q = 2 - u. What is the units digit of q?
7
Let v be (-3)/(5/(-2) - -1). Let w = 52 + -32. Suppose -w = -m + v*a, 6*a = 5*m + a - 85. What is the tens digit of m?
1
Suppose t - 10 = 3. What is the tens digit of t?
1
Suppose 4*x = 3*t + t - 12, -x = -3*t + 9. Suppose -3*p + t*i - 18 + 138 = 0, 4*p - 156 = 3*i. Suppose v = -3*v + p. What is the units digit of v?
9
Let i = 83 - 41. What is the units digit of i?
2
Let a = 27 + -22. Suppose -a*h - 9 = -59. What is the units digit of h?
0
Let u be 9/9 + 2 + 0. Let x(r) = 3*r**2 - 4*r + 1. What is the tens digit of x(u)?
1
Suppose 5*v - v - 26 = -h, 4*h + 4*v - 128 = 0. Let u = h - 17. What is the units digit of u?
7
Let d = 2 + -1. What is the units digit of d?
1
Let z = -32 + 51. What is the units digit of z?
9
Let i be 10/6*(-9 + -3). What is the tens digit of 117/4 - (-5)/i?
2
Let z = -6 + 1. Let o(s) = -1 + s**3 + 5*s**2 + 7*s - 6 - 9*s. What is the units digit of o(z)?
3
Suppose 6 = -3*d - 15. Let x(v) be the first derivative of -v**4/4 - 8*v**3/3 - 7*v**2/2 + v + 18. What is the units digit of x(d)?
1
Suppose w = 4*w. Suppose w = 2*k - 3*y - 46, k + 4*y - 23 = -0*k. What is the tens digit of k?
2
What is the units digit of (24/10)/((-4)/(-120))?
2
Let w = 37 - -160. What is the hundreds digit of w?
1
Let b = -113 + 365. What is the tens digit of b?
5
Let n(b) = b**2 + 2*b. Let r be n(2). What is the units digit of 6/r - (-605)/20?
1
Let z(f) be the first derivative of 2*f + 3*f**2 - 1 - 1/3*f**3. What is the units digit of z(6)?
2
Suppose h + 3 = 0, -5*d + 4*h = 6*h - 294. What is the units digit of d?
0
Let q = 16 + 16. What is the units digit of q?
2
Let j = 10 + -12. Let z be ((-21)/2)/(j/4). Suppose -3 = 4*a + 4*h + 1, z = -a - 5*h. What is the units digit of a?
4
Let n(j) be the first derivative of j**4/4 + j**3 - 5*j**2 + 5*j + 6. What is the units digit of n(-5)?
5
Suppose r + 1 = -0*r. What is the units digit of -1 - -1 - r*20?
0
What is the tens digit of (-4)/6 - 665/(-21)?
3
Suppose 3*j - z - 37 = 0, z - 19 = -j + 3*z. Let k be 4 + -8 - (-1 + 0